+ 150. What is the units digit of j?
5
Let f(h) = 8*h + 1. Let x = -19 + 8. Let k be f(x). Let u = k - -183. What is the tens digit of u?
9
Let x = -16400 - -27116. What is the units digit of x?
6
Suppose 3*o - 401 + 395 = 0. What is the units digit of -5 + -1*(-1439 - o)?
6
Let r = 1827 + -787. Suppose -r = -7*u + 1466. What is the units digit of u?
8
Let v(i) = 3677*i + 723. What is the hundreds digit of v(10)?
4
Suppose 287*v - 8739116 = 606178. What is the thousands digit of v?
2
What is the hundreds digit of (-3)/(78/4) + 29424320/4160?
0
Suppose -7*j = 2*p - 2*j - 37, 2*p - j = 31. Suppose 3*a - 44 - p = 0. Suppose -x + 3*x - a = 0. What is the units digit of x?
0
Let o(n) = 19*n**2 - 3*n + 22. Let x be o(-4). Suppose 333*i - x*i = -5775. What is the tens digit of i?
5
Let i(g) be the second derivative of 13*g**4/6 - 2*g**3/3 + 12*g**2 - 21*g + 2. What is the units digit of i(3)?
6
Suppose 2*x = 0, 18*x - 510 = -5*t + 21*x. Let y = t - -155. What is the units digit of y?
7
Suppose 4*k - 4*t = -1480, -2*k - t = 2*t + 750. Let d = 693 + k. Suppose 0 = 5*u + s - 1105, -d - 549 = -4*u + 2*s. What is the units digit of u?
0
Let s = -143 - 110. Let a = s + 464. Let i = -137 + a. What is the tens digit of i?
7
Suppose -4*d = 5*m - 26, -8*m + 3*d = -4*m + 4. Suppose n + 202 = v, 2*v + m*n + n - 429 = 0. What is the units digit of v?
7
Let z(x) be the second derivative of -x**5/20 + 7*x**4/12 + x**3/2 + x**2/2 + 4*x. Let l be z(5). What is the units digit of ((-2)/4)/((-3)/l)?
1
Suppose -2675 = -5*y + 3*t, 0 = y - 17*t + 18*t - 543. What is the hundreds digit of y?
5
Suppose -6*o = -4*g - 11*o + 15996, 0 = -5*g + 3*o + 19995. What is the tens digit of g?
9
Let a(l) = -5*l**3 + 29*l**2 + 80*l + 86. Let x(s) = 3*s**3 - 14*s**2 - 40*s - 43. Let n(v) = -4*a(v) - 7*x(v). What is the thousands digit of n(-19)?
1
Let p be 54*-1*120/(-80). Let z = -5 + p. What is the units digit of z?
6
Let r = 608 + -364. Let l = r - 132. What is the hundreds digit of l?
1
Let z(q) = 3*q - 81. Let c be z(27). Suppose 8*k - 296 = 4*k + 5*v, -k + 3*v + 81 = c. What is the tens digit of k?
6
Let f = 65 - 63. Let j be 309 - (-4 + f + -2). Let x = j + -210. What is the units digit of x?
3
Let p(s) = -2866*s - 790. What is the units digit of p(-4)?
4
Let g = 73 - 68. Suppose 5*k - 32 = 2*k + g*i, 20 = k - 4*i. What is the tens digit of k/3*(14 - -79)?
2
Let b = 3009 + -2138. What is the hundreds digit of b?
8
Let h(l) = 5*l + 23. Let f be h(-5). What is the hundreds digit of 396*12*f/(-32)?
2
Suppose 2*s = -3*h - 10, -4*h - 9*s + 8*s - 5 = 0. Suppose h*a + a - 801 = 4*r, 2*r = -5*a + 4093. What is the tens digit of a?
1
Suppose 270 = 3*c - 4*v + 5*v, 2*v + 360 = 4*c. Suppose h - c = -8*h. What is the tens digit of (0 + 2 + 3)/(2/h)?
2
Let l be 475/10 + 2/4. Let a = l + -33. What is the tens digit of 4/(-10) - (-666)/a?
4
Suppose -99 = 8*v + 3*v. Let q(y) = 3*y**2 - 8*y - 17. Let t be q(v). Suppose p + 4*f = -2*p + t, -103 = -p - 5*f. What is the tens digit of p?
9
Suppose 1887 = s + 2*c - 613, 4995 = 2*s + 5*c. Suppose -i - s = -69*t + 65*t, 5*t - 3129 = -3*i. What is the tens digit of t?
2
Suppose 8 = -g + 27. Let x = 203 + g. What is the tens digit of x?
2
Let x(v) = -2*v**2 + v + 8. Let h be x(0). Let c be (-213)/(-12) + 26/h + -3. Let s(b) = b**2 - 10*b - 41. What is the tens digit of s(c)?
0
Suppose -117*f + 124*f = 196. Suppose -f*n + 1338 = -25*n. What is the hundreds digit of n?
4
Suppose 0 = -4*w + 18 + 2. Let u(j) = -3*j**2 + 15*j - 2. Let p be u(w). What is the units digit of 5601/63 - p/21?
9
Let s = 90243 + -53933. What is the ten thousands digit of s?
3
What is the tens digit of ((3 + -1)*32/96)/(6/159723)?
4
Let g be ((-1)/(6/(-324)))/(-2). Let j(c) = 16*c + 5. Let p be j(-5). Let y = g - p. What is the tens digit of y?
4
What is the hundreds digit of -2 + (7 - (-15 - 11285))?
3
Suppose 5*y + z - 5 = 0, -2*y + 2*z - 25 = -3*z. Suppose 4*a - t - 4*t = 16, y = -4*t - 16. What is the units digit of a/(1/(-96)) - 0?
6
Let w(c) = 269*c**2 + 51*c - 471. What is the ten thousands digit of w(9)?
2
Let z = 150 - 102. Suppose -243 = 3*v - z. Let y = 234 + v. What is the hundreds digit of y?
1
Suppose 24648 = 227*p - 214*p. What is the thousands digit of p?
1
What is the ten thousands digit of (-1027164)/(-28) + 1 + ((-848)/(-112) - 7)?
3
Let f(t) = t**3 - 22*t**2 - 91*t - 21. Let s be f(38). Suppose -11*i - 14*i + s = 0. What is the hundreds digit of i?
7
Let d = -611 + 423. Let p be 316/(-2)*(-3 + 1). Let g = p + d. What is the units digit of g?
8
Suppose 65*p + 32*p - 1135650 = -104*p. What is the tens digit of p?
5
Let m be ((-14)/(-5) + -6)/((-2)/(-10)). What is the hundreds digit of -3 + (m/40 - 4034/(-10))?
4
Let c = -54516 - -97054. What is the thousands digit of c?
2
Let s(a) = -418*a - 169. What is the hundreds digit of s(-8)?
1
Let f = -9370 - -9858. What is the hundreds digit of f?
4
Let z(r) = -r**2 - 27*r - 25. Let g(v) = 14*v + 12. Let d(n) = -7*g(n) - 4*z(n). Let l = -353 - -344. What is the hundreds digit of d(l)?
2
Let d(s) = -15*s + 6. Suppose -5*i = -21 - 9. Suppose i*t + 12 = 2*t. What is the tens digit of d(t)?
5
Suppose -9189*l = -9230*l + 1008231. What is the thousands digit of l?
4
Let o(r) = 163*r**2 + 51*r - 501. What is the thousands digit of o(9)?
3
Suppose 23461 + 210437 = 23*g - 213107. What is the ten thousands digit of g?
1
Suppose r - 5*r = 3*g - 79145, -4*g - 7*r + 105530 = 0. What is the units digit of g?
9
Suppose g - 947 = 66. Suppose 3*r + 5121 = 4*p + p, p + 5*r = g. What is the units digit of p?
3
Suppose 76*s - 101642 - 116939 - 26215 = 0. What is the units digit of s?
1
Let n(l) = 201*l**2 - 6*l - 4. Let q be n(-2). Suppose -804*t = -q*t + 3552. What is the units digit of t?
4
Let u(s) = 167*s + 3331. What is the hundreds digit of u(118)?
0
Suppose v - 620 = 4*y + 5530, -4*y = 2*v - 12372. What is the hundreds digit of v?
1
Suppose -2*u + 1031 = w + 4*w, -2*u = -4*w + 814. Suppose -30*n + 35*n = w. What is the tens digit of n?
4
Suppose -3*k + 196*n - 201*n + 51055 = 0, -k + 17035 = 5*n. What is the hundreds digit of k?
0
Suppose 0 = 3*u + 487 - 154. Let r = u + 110. What is the tens digit of (-4430)/(-25) + r/5?
7
Suppose 2*r + 63 = f + 196, -4*r + 5*f = -263. Suppose -17*n = -18*n + 3*t - 45, 4*t - 45 = n. Let u = r - n. What is the units digit of u?
2
What is the hundreds digit of 21089/1 + 2070/(-138)?
0
Let g be 3/8 + 4148/32. Let c = g - 1. What is the tens digit of (-2 - -8)*c/18?
4
Suppose -5*i + 20 = -2*o - 3*o, -5*o = 5*i. Suppose -5*p - i*x = 3*x - 65, 15 = -3*x. Suppose -p = -4*f - 10. What is the units digit of f?
2
Let v(m) be the second derivative of -28*m**3/3 - 37*m**2 + 23*m + 2. What is the hundreds digit of v(-7)?
3
Suppose -1299*f = -1339*f + 10120. What is the units digit of f?
3
Suppose -5*z = -5*h - 225, -16 = -z - 4*h + 4. What is the hundreds digit of 1583 + (-9)/((-90)/z)?
5
Suppose 8*z = 5*z + 15. Suppose z*s - 45 = -5*t, 6 = 2*t - s - 3*s. Suppose -742 = -14*l + t*l. What is the tens digit of l?
0
Suppose 4*b + 5 = 17. Suppose 4*g = -5*l + 915, 0 = b*g - l + 308 - 999. What is the tens digit of g?
3
Let v(q) = -q**2 + 5*q + 41. Let f be v(-4). Let p(n) = 25*n - 17. What is the tens digit of p(f)?
0
Suppose -14428 = -5*q + 22*q - 78076. What is the tens digit of q?
4
Let z(u) = u**2 + 5*u - 39. Let f be z(-8). Let v be ((-80)/f - 5)/(1/(-15)). Let o(c) = -5*c**3 - 16*c**2 - 3*c + 12. What is the tens digit of o(v)?
5
Let d be 272/(-102) - 45136/(-6). Suppose 0 = 17*i - 27*i + d. What is the hundreds digit of i?
7
Let b(s) = -2*s**3 + 9*s**2 + s + 9. Let a be b(4). Suppose -32*i + a*i = 2*x - 972, 0 = -2*x + 6. What is the hundreds digit of i?
3
What is the units digit of (-4 - 15/(195/(-11479)))*27*1?
3
What is the thousands digit of ((-344580)/75)/((-20)/25)?
5
Let n(b) = 109*b**2 - 84*b + 76. What is the hundreds digit of n(-22)?
6
What is the units digit of -12442*(1 + 1)*16/((-144)/9)?
4
Let w(z) = z**3 + 21*z**2 + 19*z - 29. Let b be w(-19). What is the tens digit of (54/(-36))/((-3)/b)?
6
What is the ten thousands digit of ((-434800)/(-120))/(2/6)?
1
Suppose -6*w = -f - 4*w - 7, 0 = -3*f - 2*w + 11. Let q(b) = 250*b**3 + b**2 - 5*b + 4. What is the units digit of q(f)?
0
Let g(x) = -2*x**2 +